{"id":3467,"date":"2020-11-30T16:49:22","date_gmt":"2020-11-30T15:49:22","guid":{"rendered":"https:\/\/www.bremer-kantorei-stephani.de\/san-esteban\/"},"modified":"2020-12-01T14:46:32","modified_gmt":"2020-12-01T13:46:32","slug":"san-esteban","status":"publish","type":"page","link":"https:\/\/www.bremer-kantorei-stephani.de\/es\/san-esteban\/","title":{"rendered":"San Stephani"},"content":{"rendered":"\t\t<div data-elementor-type=\"wp-page\" data-elementor-id=\"3467\" class=\"elementor elementor-3467 elementor-3129\" data-elementor-post-type=\"page\">\n\t\t\t\t\t\t<section class=\"elementor-section elementor-top-section elementor-element elementor-element-665f3f2 elementor-section-full_width elementor-section-stretched elementor-section-height-default elementor-section-height-default\" data-id=\"665f3f2\" data-element_type=\"section\" data-e-type=\"section\" data-settings=\"{&quot;stretch_section&quot;:&quot;section-stretched&quot;}\">\n\t\t\t\t\t\t<div class=\"elementor-container elementor-column-gap-no\">\n\t\t\t\t\t<div class=\"elementor-column elementor-col-100 elementor-top-column elementor-element elementor-element-203a9f1\" data-id=\"203a9f1\" data-element_type=\"column\" data-e-type=\"column\">\n\t\t\t<div class=\"elementor-widget-wrap elementor-element-populated\">\n\t\t\t\t\t\t<div class=\"elementor-element elementor-element-fc392f7 elementor--h-position-center elementor--v-position-middle elementor-pagination-position-inside elementor-widget elementor-widget-slides\" data-id=\"fc392f7\" data-element_type=\"widget\" data-e-type=\"widget\" data-settings=\"{&quot;autoplay_speed&quot;:8000,&quot;transition&quot;:&quot;fade&quot;,&quot;transition_speed&quot;:3000,&quot;navigation&quot;:&quot;dots&quot;,&quot;autoplay&quot;:&quot;yes&quot;,&quot;pause_on_hover&quot;:&quot;yes&quot;,&quot;pause_on_interaction&quot;:&quot;yes&quot;,&quot;infinite&quot;:&quot;yes&quot;}\" data-widget_type=\"slides.default\">\n\t\t\t\t<div class=\"elementor-widget-container\">\n\t\t\t\t\t\t\t\t\t<div class=\"elementor-swiper\">\n\t\t\t\t\t<div class=\"elementor-slides-wrapper elementor-main-swiper swiper\" role=\"region\" aria-roledescription=\"carousel\" aria-label=\"Diapositivas\" dir=\"ltr\" data-animation=\"fadeInUp\">\n\t\t\t\t<div class=\"swiper-wrapper elementor-slides\">\n\t\t\t\t\t\t\t\t\t\t<div class=\"elementor-repeater-item-f7f212a swiper-slide\" role=\"group\" aria-roledescription=\"slide\"><div class=\"swiper-slide-bg\" role=\"img\" aria-label=\"orte-1\"><\/div><div class=\"swiper-slide-inner\" ><div class=\"swiper-slide-contents\"><\/div><\/div><\/div><div class=\"elementor-repeater-item-06efb07 swiper-slide\" role=\"group\" aria-roledescription=\"slide\"><div class=\"swiper-slide-bg\" role=\"img\" aria-label=\"orte-5\"><\/div><div class=\"swiper-slide-inner\" ><div class=\"swiper-slide-contents\"><\/div><\/div><\/div><div class=\"elementor-repeater-item-b6903b0 swiper-slide\" role=\"group\" aria-roledescription=\"slide\"><div class=\"swiper-slide-bg\" role=\"img\" aria-label=\"start-6\"><\/div><div class=\"swiper-slide-inner\" ><div class=\"swiper-slide-contents\"><\/div><\/div><\/div><div class=\"elementor-repeater-item-f7105f6 swiper-slide\" role=\"group\" aria-roledescription=\"slide\"><div class=\"swiper-slide-bg\" role=\"img\" aria-label=\"orte-3\"><\/div><div class=\"swiper-slide-inner\" ><div class=\"swiper-slide-contents\"><\/div><\/div><\/div><div class=\"elementor-repeater-item-c21716b swiper-slide\" role=\"group\" aria-roledescription=\"slide\"><div class=\"swiper-slide-bg\" role=\"img\" aria-label=\"orte-7\"><\/div><div class=\"swiper-slide-inner\" ><div class=\"swiper-slide-contents\"><\/div><\/div><\/div>\t\t\t\t<\/div>\n\t\t\t\t\t\t\t\t\t\t\t\t\t\t\t\t\t\t\t\t<div class=\"swiper-pagination\"><\/div>\n\t\t\t\t\t\t\t\t\t\t\t\t<\/div>\n\t\t\t\t<\/div>\n\t\t\t\t\t\t\t\t<\/div>\n\t\t\t\t<\/div>\n\t\t\t\t\t<\/div>\n\t\t<\/div>\n\t\t\t\t\t<\/div>\n\t\t<\/section>\n\t\t\t\t<section class=\"elementor-section elementor-top-section elementor-element elementor-element-dfc8072 elementor-section-full_width elementor-section-stretched elementor-section-height-default elementor-section-height-default\" data-id=\"dfc8072\" data-element_type=\"section\" data-e-type=\"section\" data-settings=\"{&quot;stretch_section&quot;:&quot;section-stretched&quot;}\">\n\t\t\t\t\t\t<div class=\"elementor-container elementor-column-gap-no\">\n\t\t\t\t\t<div class=\"elementor-column elementor-col-100 elementor-top-column elementor-element elementor-element-e689b11\" data-id=\"e689b11\" data-element_type=\"column\" data-e-type=\"column\">\n\t\t\t<div class=\"elementor-widget-wrap elementor-element-populated\">\n\t\t\t\t\t\t<div class=\"elementor-element elementor-element-3dbb380 elementor-widget elementor-widget-spacer\" data-id=\"3dbb380\" data-element_type=\"widget\" data-e-type=\"widget\" data-widget_type=\"spacer.default\">\n\t\t\t\t<div class=\"elementor-widget-container\">\n\t\t\t\t\t\t\t<div class=\"elementor-spacer\">\n\t\t\t<div class=\"elementor-spacer-inner\"><\/div>\n\t\t<\/div>\n\t\t\t\t\t\t<\/div>\n\t\t\t\t<\/div>\n\t\t\t\t\t<\/div>\n\t\t<\/div>\n\t\t\t\t\t<\/div>\n\t\t<\/section>\n\t\t\t\t<section class=\"elementor-section elementor-top-section elementor-element elementor-element-c356230 elementor-section-full_width elementor-section-height-default elementor-section-height-default\" data-id=\"c356230\" data-element_type=\"section\" data-e-type=\"section\">\n\t\t\t\t\t\t<div class=\"elementor-container elementor-column-gap-default\">\n\t\t\t\t\t<div class=\"elementor-column elementor-col-50 elementor-top-column elementor-element elementor-element-660673b\" data-id=\"660673b\" data-element_type=\"column\" data-e-type=\"column\">\n\t\t\t<div class=\"elementor-widget-wrap elementor-element-populated\">\n\t\t\t\t\t\t<div class=\"elementor-element elementor-element-32ba792 elementor-widget elementor-widget-heading\" data-id=\"32ba792\" data-element_type=\"widget\" data-e-type=\"widget\" data-widget_type=\"heading.default\">\n\t\t\t\t<div class=\"elementor-widget-container\">\n\t\t\t\t\t<h1 class=\"elementor-heading-title elementor-size-default\">San Stephani Bremen<\/h1>\t\t\t\t<\/div>\n\t\t\t\t<\/div>\n\t\t\t\t<div class=\"elementor-element elementor-element-fd0b775 elementor-widget elementor-widget-text-editor\" data-id=\"fd0b775\" data-element_type=\"widget\" data-e-type=\"widget\" data-widget_type=\"text-editor.default\">\n\t\t\t\t<div class=\"elementor-widget-container\">\n\t\t\t\t\t\t\t\t\t<div class=\"item-page\"><p>La iglesia parroquial de St. Stephani, nombrada por el primer m\u00e1rtir cristiano, San Esteban, es el lugar de reuni\u00f3n del coro <a href=\"https:\/\/www.bremer-kantorei-stephani.de\/es\/coro\/\" target=\"_blank\" rel=\"noopener\">Bremer Kantorei St. Stephani.<\/a> La tercera iglesia de la ciudad en cuanto a tama\u00f1o y antig\u00fcedad, est\u00e1 situada en la parte oeste del casco antiguo, sobre la colina Stephansberg, la mayor de las dunas sobre las que se edific\u00f3 la ciudad de Bremen.<\/p><p>Entre Am Brill y \u00dcberseestadt, la iglesia de St. Stephani se encuentra en pleno centro del Stephaniviertel, uno de los cuatro barrios hist\u00f3ricos de Bremen, donde en siglos pasados viv\u00edan mayoritariamente comerciantes, artesanos, carreteros y pescadores. El barrio qued\u00f3 destruido pr\u00e1cticamente en su totalidad durante la Segunda Guerra Mundial aunque despu\u00e9s se reconstruy\u00f3.<\/p><p>Las ra\u00edces de la iglesia St. Stephanikirche (originalmente llamada St. Wilhadi und St. Stephani) se remontan hasta mediados del siglo xxi. Las partes m\u00e1s antiguas de la iglesia g\u00f3tica actual datan del siglo xiii. A finales del siglo xiv, la iglesia se reform\u00f3 para que tuviese las tres naves de la misma altura. La torre sur de estilo neog\u00f3tico forma parte del paisaje de la ciudad desde 1856.<\/p><p>Los bombardeos de agosto de 1944 dejaron la iglesia de St. Stephani pr\u00e1cticamente en ruinas; observando las impresionantes fotograf\u00edas que hay en su interior se puede apreciar hasta que punto fue as\u00ed. La nave lateral del sur qued\u00f3 totalmente destruida y no se reconstruy\u00f3, pero la del norte se repar\u00f3 como iglesia parroquial. La nave central, de 57 metros de longitud, y el transepto, de 36 metros de anchura, se reconstruyeron en 1959.<\/p><p>Varias ara\u00f1as de lat\u00f3n de hasta 500\u00a0k de peso del siglo xvii sobrevivieron a la guerra. Entre 1964 y 1965 se instal\u00f3 el nuevo \u00f3rgano Beckerath, que por su calidad, materiales, estilo arquitect\u00f3nico, disposici\u00f3n de las teclas y buen sonido puso un list\u00f3n artesanal y art\u00edstico que se mantiene hasta nuestros d\u00edas.<\/p><p>St. Stephani es la <a href=\"https:\/\/kulturkirche-bremen.de\/\" target=\"_blank\" rel=\"noopener\">iglesia cultural<\/a> de la <a href=\"https:\/\/www.kirche-bremen.de\/index2.php\" target=\"_blank\" rel=\"noopener\">iglesia evang\u00e9lica de Bremen<\/a> desde comienzos de 2007. Es un lugar de di\u00e1logo entre la Iglesia y la cultura, de experimentos culturales, de interpretaci\u00f3n espiritual y de b\u00fasqueda de sentido. Es un espacio en el que crear nuevas formas de ceremonia. Con m\u00e1s de 125 a\u00f1os de tradici\u00f3n, el coro Bremer Kantorei St. Stephani tambi\u00e9n ha adquirido un papel relevante tras el cambio de rumbo de la iglesia.<\/p><\/div>\t\t\t\t\t\t\t\t<\/div>\n\t\t\t\t<\/div>\n\t\t\t\t\t<\/div>\n\t\t<\/div>\n\t\t\t\t<div class=\"elementor-column elementor-col-50 elementor-top-column elementor-element elementor-element-45974d1\" data-id=\"45974d1\" data-element_type=\"column\" data-e-type=\"column\">\n\t\t\t<div class=\"elementor-widget-wrap elementor-element-populated\">\n\t\t\t\t\t\t<div class=\"elementor-element elementor-element-e34d7ab elementor-widget elementor-widget-image\" data-id=\"e34d7ab\" data-element_type=\"widget\" data-e-type=\"widget\" data-widget_type=\"image.default\">\n\t\t\t\t<div class=\"elementor-widget-container\">\n\t\t\t\t\t\t\t\t\t\t\t\t\t\t\t<img fetchpriority=\"high\" decoding=\"async\" width=\"500\" height=\"666\" src=\"https:\/\/www.bremer-kantorei-stephani.de\/wp-content\/uploads\/timguenther2.jpg\" class=\"attachment-large size-large wp-image-2620\" alt=\"\" srcset=\"https:\/\/www.bremer-kantorei-stephani.de\/wp-content\/uploads\/timguenther2.jpg 500w, https:\/\/www.bremer-kantorei-stephani.de\/wp-content\/uploads\/timguenther2-225x300.jpg 225w\" sizes=\"(max-width: 500px) 100vw, 500px\" \/>\t\t\t\t\t\t\t\t\t\t\t\t\t\t\t<\/div>\n\t\t\t\t<\/div>\n\t\t\t\t<div class=\"elementor-element elementor-element-a7264e0 elementor-widget elementor-widget-text-editor\" data-id=\"a7264e0\" data-element_type=\"widget\" data-e-type=\"widget\" data-widget_type=\"text-editor.default\">\n\t\t\t\t<div class=\"elementor-widget-container\">\n\t\t\t\t\t\t\t\t\t<h3>Tim G\u00fcnther<\/h3>\n<p class=\"p1\"><span class=\"s1\">M\u00fasico l\u00edder de la iglesia en St. Stephani<br \/>\n<a href=\"https:\/\/www.bremer-kantorei-stephani.de\/wp-content\/uploads\/bkstst_vita_timguenther_190313.pdf\" target=\"_blank\" rel=\"noopener\"><span class=\"s2\">Vita detallada (PDF)<\/span><\/a><\/span><\/p>\n\t\t\t\t\t\t\t\t<\/div>\n\t\t\t\t<\/div>\n\t\t\t\t\t<\/div>\n\t\t<\/div>\n\t\t\t\t\t<\/div>\n\t\t<\/section>\n\t\t\t\t<section class=\"elementor-section elementor-top-section elementor-element elementor-element-975d81d elementor-section-boxed elementor-section-height-default elementor-section-height-default\" data-id=\"975d81d\" data-element_type=\"section\" data-e-type=\"section\">\n\t\t\t\t\t\t<div class=\"elementor-container elementor-column-gap-default\">\n\t\t\t\t\t<div class=\"elementor-column elementor-col-100 elementor-top-column elementor-element elementor-element-386660e\" data-id=\"386660e\" data-element_type=\"column\" data-e-type=\"column\">\n\t\t\t<div class=\"elementor-widget-wrap elementor-element-populated\">\n\t\t\t\t\t\t<div class=\"elementor-element elementor-element-38ad672 elementor-widget elementor-widget-spacer\" data-id=\"38ad672\" data-element_type=\"widget\" data-e-type=\"widget\" data-widget_type=\"spacer.default\">\n\t\t\t\t<div class=\"elementor-widget-container\">\n\t\t\t\t\t\t\t<div class=\"elementor-spacer\">\n\t\t\t<div class=\"elementor-spacer-inner\"><\/div>\n\t\t<\/div>\n\t\t\t\t\t\t<\/div>\n\t\t\t\t<\/div>\n\t\t\t\t\t<\/div>\n\t\t<\/div>\n\t\t\t\t\t<\/div>\n\t\t<\/section>\n\t\t\t\t<\/div>\n\t\t","protected":false},"excerpt":{"rendered":"<p>San Stephani Bremen La iglesia parroquial de St. Stephani, nombrada por el primer m\u00e1rtir cristiano, San Esteban, es el lugar de reuni\u00f3n del coro Bremer Kantorei St. Stephani. La tercera iglesia de la ciudad en cuanto a tama\u00f1o y antig\u00fcedad, est\u00e1 situada en la parte&#8230;<\/p>\n","protected":false},"author":2,"featured_media":0,"parent":0,"menu_order":0,"comment_status":"closed","ping_status":"closed","template":"","meta":{"footnotes":""},"class_list":["post-3467","page","type-page","status-publish","hentry"],"_links":{"self":[{"href":"https:\/\/www.bremer-kantorei-stephani.de\/es\/wp-json\/wp\/v2\/pages\/3467","targetHints":{"allow":["GET"]}}],"collection":[{"href":"https:\/\/www.bremer-kantorei-stephani.de\/es\/wp-json\/wp\/v2\/pages"}],"about":[{"href":"https:\/\/www.bremer-kantorei-stephani.de\/es\/wp-json\/wp\/v2\/types\/page"}],"author":[{"embeddable":true,"href":"https:\/\/www.bremer-kantorei-stephani.de\/es\/wp-json\/wp\/v2\/users\/2"}],"replies":[{"embeddable":true,"href":"https:\/\/www.bremer-kantorei-stephani.de\/es\/wp-json\/wp\/v2\/comments?post=3467"}],"version-history":[{"count":3,"href":"https:\/\/www.bremer-kantorei-stephani.de\/es\/wp-json\/wp\/v2\/pages\/3467\/revisions"}],"predecessor-version":[{"id":3615,"href":"https:\/\/www.bremer-kantorei-stephani.de\/es\/wp-json\/wp\/v2\/pages\/3467\/revisions\/3615"}],"wp:attachment":[{"href":"https:\/\/www.bremer-kantorei-stephani.de\/es\/wp-json\/wp\/v2\/media?parent=3467"}],"curies":[{"name":"wp","href":"https:\/\/api.w.org\/{rel}","templated":true}]}}

<div data-elementor-type="wp-page" data-elementor-id="3467" class="elementor elementor-3467 elementor-3129" data-elementor-post-type="page">
						<section class="elementor-section elementor-top-section elementor-element elementor-element-665f3f2 elementor-section-full_width elementor-section-stretched elementor-section-height-default elementor-section-height-default" data-id="665f3f2" data-element_type="section" data-e-type="section" data-settings="{&quot;stretch_section&quot;:&quot;section-stretched&quot;}">
						<div class="elementor-container elementor-column-gap-no">
					<div class="elementor-column elementor-col-100 elementor-top-column elementor-element elementor-element-203a9f1" data-id="203a9f1" data-element_type="column" data-e-type="column">
			<div class="elementor-widget-wrap elementor-element-populated">
						<div class="elementor-element elementor-element-fc392f7 elementor--h-position-center elementor--v-position-middle elementor-pagination-position-inside elementor-widget elementor-widget-slides" data-id="fc392f7" data-element_type="widget" data-e-type="widget" data-settings="{&quot;autoplay_speed&quot;:8000,&quot;transition&quot;:&quot;fade&quot;,&quot;transition_speed&quot;:3000,&quot;navigation&quot;:&quot;dots&quot;,&quot;autoplay&quot;:&quot;yes&quot;,&quot;pause_on_hover&quot;:&quot;yes&quot;,&quot;pause_on_interaction&quot;:&quot;yes&quot;,&quot;infinite&quot;:&quot;yes&quot;}" data-widget_type="slides.default">
				<div class="elementor-widget-container">
									<div class="elementor-swiper">
					<div class="elementor-slides-wrapper elementor-main-swiper swiper" role="region" aria-roledescription="carousel" aria-label="Diapositivas" dir="ltr" data-animation="fadeInUp">
				<div class="swiper-wrapper elementor-slides">
										<div class="elementor-repeater-item-f7f212a swiper-slide" role="group" aria-roledescription="slide"><div class="swiper-slide-bg" role="img" aria-label="orte-1"></div><div class="swiper-slide-inner" ><div class="swiper-slide-contents"></div></div></div><div class="elementor-repeater-item-06efb07 swiper-slide" role="group" aria-roledescription="slide"><div class="swiper-slide-bg" role="img" aria-label="orte-5"></div><div class="swiper-slide-inner" ><div class="swiper-slide-contents"></div></div></div><div class="elementor-repeater-item-b6903b0 swiper-slide" role="group" aria-roledescription="slide"><div class="swiper-slide-bg" role="img" aria-label="start-6"></div><div class="swiper-slide-inner" ><div class="swiper-slide-contents"></div></div></div><div class="elementor-repeater-item-f7105f6 swiper-slide" role="group" aria-roledescription="slide"><div class="swiper-slide-bg" role="img" aria-label="orte-3"></div><div class="swiper-slide-inner" ><div class="swiper-slide-contents"></div></div></div><div class="elementor-repeater-item-c21716b swiper-slide" role="group" aria-roledescription="slide"><div class="swiper-slide-bg" role="img" aria-label="orte-7"></div><div class="swiper-slide-inner" ><div class="swiper-slide-contents"></div></div></div>				</div>
																				<div class="swiper-pagination"></div>
												</div>
				</div>
								</div>
				</div>
					</div>
		</div>
					</div>
		</section>
				<section class="elementor-section elementor-top-section elementor-element elementor-element-dfc8072 elementor-section-full_width elementor-section-stretched elementor-section-height-default elementor-section-height-default" data-id="dfc8072" data-element_type="section" data-e-type="section" data-settings="{&quot;stretch_section&quot;:&quot;section-stretched&quot;}">
						<div class="elementor-container elementor-column-gap-no">
					<div class="elementor-column elementor-col-100 elementor-top-column elementor-element elementor-element-e689b11" data-id="e689b11" data-element_type="column" data-e-type="column">
			<div class="elementor-widget-wrap elementor-element-populated">
						<div class="elementor-element elementor-element-3dbb380 elementor-widget elementor-widget-spacer" data-id="3dbb380" data-element_type="widget" data-e-type="widget" data-widget_type="spacer.default">
				<div class="elementor-widget-container">
							<div class="elementor-spacer">
			<div class="elementor-spacer-inner"></div>
		</div>
						</div>
				</div>
					</div>
		</div>
					</div>
		</section>
				<section class="elementor-section elementor-top-section elementor-element elementor-element-c356230 elementor-section-full_width elementor-section-height-default elementor-section-height-default" data-id="c356230" data-element_type="section" data-e-type="section">
						<div class="elementor-container elementor-column-gap-default">
					<div class="elementor-column elementor-col-50 elementor-top-column elementor-element elementor-element-660673b" data-id="660673b" data-element_type="column" data-e-type="column">
			<div class="elementor-widget-wrap elementor-element-populated">
						<div class="elementor-element elementor-element-32ba792 elementor-widget elementor-widget-heading" data-id="32ba792" data-element_type="widget" data-e-type="widget" data-widget_type="heading.default">
				<div class="elementor-widget-container">
					<h1 class="elementor-heading-title elementor-size-default">San Stephani Bremen</h1>				</div>
				</div>
				<div class="elementor-element elementor-element-fd0b775 elementor-widget elementor-widget-text-editor" data-id="fd0b775" data-element_type="widget" data-e-type="widget" data-widget_type="text-editor.default">
				<div class="elementor-widget-container">
									<div class="item-page"><p>La iglesia parroquial de St. Stephani, nombrada por el primer mártir cristiano, San Esteban, es el lugar de reunión del coro <a href="https://www.bremer-kantorei-stephani.de/es/coro/" target="_blank" rel="noopener">Bremer Kantorei St. Stephani.</a> La tercera iglesia de la ciudad en cuanto a tamaño y antigüedad, está situada en la parte oeste del casco antiguo, sobre la colina Stephansberg, la mayor de las dunas sobre las que se edificó la ciudad de Bremen.</p><p>Entre Am Brill y Überseestadt, la iglesia de St. Stephani se encuentra en pleno centro del Stephaniviertel, uno de los cuatro barrios históricos de Bremen, donde en siglos pasados vivían mayoritariamente comerciantes, artesanos, carreteros y pescadores. El barrio quedó destruido prácticamente en su totalidad durante la Segunda Guerra Mundial aunque después se reconstruyó.</p><p>Las raíces de la iglesia St. Stephanikirche (originalmente llamada St. Wilhadi und St. Stephani) se remontan hasta mediados del siglo xxi. Las partes más antiguas de la iglesia gótica actual datan del siglo xiii. A finales del siglo xiv, la iglesia se reformó para que tuviese las tres naves de la misma altura. La torre sur de estilo neogótico forma parte del paisaje de la ciudad desde 1856.</p><p>Los bombardeos de agosto de 1944 dejaron la iglesia de St. Stephani prácticamente en ruinas; observando las impresionantes fotografías que hay en su interior se puede apreciar hasta que punto fue así. La nave lateral del sur quedó totalmente destruida y no se reconstruyó, pero la del norte se reparó como iglesia parroquial. La nave central, de 57 metros de longitud, y el transepto, de 36 metros de anchura, se reconstruyeron en 1959.</p><p>Varias arañas de latón de hasta 500 k de peso del siglo xvii sobrevivieron a la guerra. Entre 1964 y 1965 se instaló el nuevo órgano Beckerath, que por su calidad, materiales, estilo arquitectónico, disposición de las teclas y buen sonido puso un listón artesanal y artístico que se mantiene hasta nuestros días.</p><p>St. Stephani es la <a href="https://kulturkirche-bremen.de/" target="_blank" rel="noopener">iglesia cultural</a> de la <a href="https://www.kirche-bremen.de/index2.php" target="_blank" rel="noopener">iglesia evangélica de Bremen</a> desde comienzos de 2007. Es un lugar de diálogo entre la Iglesia y la cultura, de experimentos culturales, de interpretación espiritual y de búsqueda de sentido. Es un espacio en el que crear nuevas formas de ceremonia. Con más de 125 años de tradición, el coro Bremer Kantorei St. Stephani también ha adquirido un papel relevante tras el cambio de rumbo de la iglesia.</p></div>								</div>
				</div>
					</div>
		</div>
				<div class="elementor-column elementor-col-50 elementor-top-column elementor-element elementor-element-45974d1" data-id="45974d1" data-element_type="column" data-e-type="column">
			<div class="elementor-widget-wrap elementor-element-populated">
						<div class="elementor-element elementor-element-e34d7ab elementor-widget elementor-widget-image" data-id="e34d7ab" data-element_type="widget" data-e-type="widget" data-widget_type="image.default">
				<div class="elementor-widget-container">
															<img fetchpriority="high" decoding="async" width="500" height="666" src="https://www.bremer-kantorei-stephani.de/wp-content/uploads/timguenther2.jpg" class="attachment-large size-large wp-image-2620" alt="" srcset="https://www.bremer-kantorei-stephani.de/wp-content/uploads/timguenther2.jpg 500w, https://www.bremer-kantorei-stephani.de/wp-content/uploads/timguenther2-225x300.jpg 225w" sizes="(max-width: 500px) 100vw, 500px" />															</div>
				</div>
				<div class="elementor-element elementor-element-a7264e0 elementor-widget elementor-widget-text-editor" data-id="a7264e0" data-element_type="widget" data-e-type="widget" data-widget_type="text-editor.default">
				<div class="elementor-widget-container">
									<h3>Tim Günther</h3>
<p class="p1"><span class="s1">Músico líder de la iglesia en St. Stephani<br />
<a href="https://www.bremer-kantorei-stephani.de/wp-content/uploads/bkstst_vita_timguenther_190313.pdf" target="_blank" rel="noopener"><span class="s2">Vita detallada (PDF)</span></a></span></p>
								</div>
				</div>
					</div>
		</div>
					</div>
		</section>
				<section class="elementor-section elementor-top-section elementor-element elementor-element-975d81d elementor-section-boxed elementor-section-height-default elementor-section-height-default" data-id="975d81d" data-element_type="section" data-e-type="section">
						<div class="elementor-container elementor-column-gap-default">
					<div class="elementor-column elementor-col-100 elementor-top-column elementor-element elementor-element-386660e" data-id="386660e" data-element_type="column" data-e-type="column">
			<div class="elementor-widget-wrap elementor-element-populated">
						<div class="elementor-element elementor-element-38ad672 elementor-widget elementor-widget-spacer" data-id="38ad672" data-element_type="widget" data-e-type="widget" data-widget_type="spacer.default">
				<div class="elementor-widget-container">
							<div class="elementor-spacer">
			<div class="elementor-spacer-inner"></div>
		</div>
						</div>
				</div>
					</div>
		</div>
					</div>
		</section>
				</div>

<p>San Stephani Bremen La iglesia parroquial de St. Stephani, nombrada por el primer mártir cristiano, San Esteban, es el lugar de reunión del coro Bremer Kantorei St. Stephani. La tercera iglesia de la ciudad en cuanto a tamaño y antigüedad, está situada en la parte&#8230;</p>
