{"id":3453,"date":"2020-11-30T16:18:16","date_gmt":"2020-11-30T15:18:16","guid":{"rendered":"https:\/\/www.bremer-kantorei-stephani.de\/direccion\/"},"modified":"2021-01-14T16:39:17","modified_gmt":"2021-01-14T15:39:17","slug":"direccion","status":"publish","type":"page","link":"https:\/\/www.bremer-kantorei-stephani.de\/es\/direccion\/","title":{"rendered":"Direcci\u00f3n"},"content":{"rendered":"\t\t<div data-elementor-type=\"wp-page\" data-elementor-id=\"3453\" class=\"elementor elementor-3453 elementor-3080\" data-elementor-post-type=\"page\">\n\t\t\t\t\t\t<section class=\"elementor-section elementor-top-section elementor-element elementor-element-8b03599 elementor-section-full_width elementor-section-stretched elementor-section-height-default elementor-section-height-default\" data-id=\"8b03599\" data-element_type=\"section\" data-e-type=\"section\" data-settings=\"{&quot;stretch_section&quot;:&quot;section-stretched&quot;}\">\n\t\t\t\t\t\t<div class=\"elementor-container elementor-column-gap-no\">\n\t\t\t\t\t<div class=\"elementor-column elementor-col-100 elementor-top-column elementor-element elementor-element-df26af8\" data-id=\"df26af8\" data-element_type=\"column\" data-e-type=\"column\">\n\t\t\t<div class=\"elementor-widget-wrap elementor-element-populated\">\n\t\t\t\t\t\t<div class=\"elementor-element elementor-element-10fa708 elementor--h-position-center elementor--v-position-middle elementor-pagination-position-inside elementor-widget elementor-widget-slides\" data-id=\"10fa708\" data-element_type=\"widget\" data-e-type=\"widget\" data-settings=\"{&quot;autoplay_speed&quot;:8000,&quot;transition&quot;:&quot;fade&quot;,&quot;transition_speed&quot;:3000,&quot;navigation&quot;:&quot;dots&quot;,&quot;autoplay&quot;:&quot;yes&quot;,&quot;pause_on_hover&quot;:&quot;yes&quot;,&quot;pause_on_interaction&quot;:&quot;yes&quot;,&quot;infinite&quot;:&quot;yes&quot;}\" data-widget_type=\"slides.default\">\n\t\t\t\t<div class=\"elementor-widget-container\">\n\t\t\t\t\t\t\t\t\t<div class=\"elementor-swiper\">\n\t\t\t\t\t<div class=\"elementor-slides-wrapper elementor-main-swiper swiper\" role=\"region\" aria-roledescription=\"carousel\" aria-label=\"Diapositivas\" dir=\"ltr\" data-animation=\"fadeInUp\">\n\t\t\t\t<div class=\"swiper-wrapper elementor-slides\">\n\t\t\t\t\t\t\t\t\t\t<div class=\"elementor-repeater-item-f7f212a swiper-slide\" role=\"group\" aria-roledescription=\"slide\"><div class=\"swiper-slide-bg\" role=\"img\" aria-label=\"start-5\"><\/div><div class=\"swiper-slide-inner\" ><div class=\"swiper-slide-contents\"><\/div><\/div><\/div><div class=\"elementor-repeater-item-06efb07 swiper-slide\" role=\"group\" aria-roledescription=\"slide\"><div class=\"swiper-slide-bg\" role=\"img\" aria-label=\"menschen-3\"><\/div><div class=\"swiper-slide-inner\" ><div class=\"swiper-slide-contents\"><\/div><\/div><\/div><div class=\"elementor-repeater-item-b6903b0 swiper-slide\" role=\"group\" aria-roledescription=\"slide\"><div class=\"swiper-slide-bg\" role=\"img\" aria-label=\"musik-2\"><\/div><div class=\"swiper-slide-inner\" ><div class=\"swiper-slide-contents\"><\/div><\/div><\/div><div class=\"elementor-repeater-item-f7105f6 swiper-slide\" role=\"group\" aria-roledescription=\"slide\"><div class=\"swiper-slide-bg\" role=\"img\" aria-label=\"menschen-4\"><\/div><div class=\"swiper-slide-inner\" ><div class=\"swiper-slide-contents\"><\/div><\/div><\/div><div class=\"elementor-repeater-item-c21716b swiper-slide\" role=\"group\" aria-roledescription=\"slide\"><div class=\"swiper-slide-bg\" role=\"img\" aria-label=\"Bremer Kantorei St. Stephani\"><\/div><div class=\"swiper-slide-inner\" ><div class=\"swiper-slide-contents\"><\/div><\/div><\/div><div class=\"elementor-repeater-item-8f74e11 swiper-slide\" role=\"group\" aria-roledescription=\"slide\"><div class=\"swiper-slide-bg\" role=\"img\" aria-label=\"1\"><\/div><div class=\"swiper-slide-inner\" ><div class=\"swiper-slide-contents\"><\/div><\/div><\/div>\t\t\t\t<\/div>\n\t\t\t\t\t\t\t\t\t\t\t\t\t\t\t\t\t\t\t\t<div class=\"swiper-pagination\"><\/div>\n\t\t\t\t\t\t\t\t\t\t\t\t<\/div>\n\t\t\t\t<\/div>\n\t\t\t\t\t\t\t\t<\/div>\n\t\t\t\t<\/div>\n\t\t\t\t\t<\/div>\n\t\t<\/div>\n\t\t\t\t\t<\/div>\n\t\t<\/section>\n\t\t\t\t<section class=\"elementor-section elementor-top-section elementor-element elementor-element-44a9af6 elementor-section-full_width elementor-section-stretched elementor-section-height-default elementor-section-height-default\" data-id=\"44a9af6\" data-element_type=\"section\" data-e-type=\"section\" data-settings=\"{&quot;stretch_section&quot;:&quot;section-stretched&quot;}\">\n\t\t\t\t\t\t<div class=\"elementor-container elementor-column-gap-no\">\n\t\t\t\t\t<div class=\"elementor-column elementor-col-100 elementor-top-column elementor-element elementor-element-8da5412\" data-id=\"8da5412\" data-element_type=\"column\" data-e-type=\"column\">\n\t\t\t<div class=\"elementor-widget-wrap elementor-element-populated\">\n\t\t\t\t\t\t<div class=\"elementor-element elementor-element-bb62eae elementor-widget elementor-widget-spacer\" data-id=\"bb62eae\" data-element_type=\"widget\" data-e-type=\"widget\" data-widget_type=\"spacer.default\">\n\t\t\t\t<div class=\"elementor-widget-container\">\n\t\t\t\t\t\t\t<div class=\"elementor-spacer\">\n\t\t\t<div class=\"elementor-spacer-inner\"><\/div>\n\t\t<\/div>\n\t\t\t\t\t\t<\/div>\n\t\t\t\t<\/div>\n\t\t\t\t\t<\/div>\n\t\t<\/div>\n\t\t\t\t\t<\/div>\n\t\t<\/section>\n\t\t\t\t<section class=\"elementor-section elementor-top-section elementor-element elementor-element-cecfe86 elementor-section-full_width elementor-section-height-default elementor-section-height-default\" data-id=\"cecfe86\" data-element_type=\"section\" data-e-type=\"section\">\n\t\t\t\t\t\t<div class=\"elementor-container elementor-column-gap-default\">\n\t\t\t\t\t<div class=\"elementor-column elementor-col-50 elementor-top-column elementor-element elementor-element-3198477\" data-id=\"3198477\" data-element_type=\"column\" data-e-type=\"column\">\n\t\t\t<div class=\"elementor-widget-wrap elementor-element-populated\">\n\t\t\t\t\t\t<div class=\"elementor-element elementor-element-2c6723a elementor-widget elementor-widget-heading\" data-id=\"2c6723a\" data-element_type=\"widget\" data-e-type=\"widget\" data-widget_type=\"heading.default\">\n\t\t\t\t<div class=\"elementor-widget-container\">\n\t\t\t\t\t<h1 class=\"elementor-heading-title elementor-size-default\">Tim G\u00fcnther<\/h1>\t\t\t\t<\/div>\n\t\t\t\t<\/div>\n\t\t\t\t<div class=\"elementor-element elementor-element-61f7d4f elementor-widget elementor-widget-text-editor\" data-id=\"61f7d4f\" data-element_type=\"widget\" data-e-type=\"widget\" data-widget_type=\"text-editor.default\">\n\t\t\t\t<div class=\"elementor-widget-container\">\n\t\t\t\t\t\t\t\t\t<p>Estudi\u00f3 m\u00fasica de iglesia en Berl\u00edn y Bremen. Desde entonces, vive y trabaja en Bremen, donde es una de las personalidades de la cultura.<\/p>\n<p>La actividad de G\u00fcnther gira en torno al trabajo con el coro <a href=\"http:\/\/www.bremer-kantorei-stephani.de\/menschen\/chor\">Bremer Kantorei St. Stephani<\/a>, que dirige desde 1996 sin parar de desarrollarlo hasta convertirlo en uno de los coros con m\u00e1s calidad de Bremen.<\/p>\n<p>Desde 2007, Tim G\u00fcnther es director de capilla y director musical de la <a href=\"http:\/\/www.kulturkirche-bremen.de\/\">Iglesia cultural<\/a> <a href=\"http:\/\/www.bremer-kantorei-stephani.de\/orte\/st-stephani\">St. Stephani<\/a> Bremen. Asimismo es el principal art\u00edfice de su destacado programa musical. En sus conciertos ha acogido a grandes del jazz, compositores, artistas, solistas, bandas, grupos de pop y estrellas mundiales.<\/p>\n<p>La m\u00fasica de M\u00edkis Theodor\u00e1kis ocupa un lugar destacado: G\u00fcnther ha organizado varios conciertos con obras del compositor griego, entre los que destacan sobre todo las representaciones de los dos grandes oratorios <em>Axion esti<\/em> y <em>Canto General<\/em>. Sus acompa\u00f1antes musicales fueron, entre otros, Mar\u00eda Faranto\u00fari y Petros Pandis.<\/p>\n<p>Las series de conciertos destacan por los numerosos estrenos as\u00ed como por los proyectos especiales en cuanto al contenido.<\/p>\n<p>Con motivo de las Jornadas de la Iglesia evang\u00e9lica alemana de 2009 en Bremen, G\u00fcnther trabaj\u00f3 en varios puestos de direcci\u00f3n; entre otros, como responsable principal y director general musical de la misa inaugural central.<\/p>\n<p>Tim G\u00fcnther participa en el discurso art\u00edstico y pol\u00edticocultural de la ciudad hanse\u00e1tica de Bremen desde diversos cargos.<\/p>\n\t\t\t\t\t\t\t\t<\/div>\n\t\t\t\t<\/div>\n\t\t\t\t\t<\/div>\n\t\t<\/div>\n\t\t\t\t<div class=\"elementor-column elementor-col-50 elementor-top-column elementor-element elementor-element-ec87854\" data-id=\"ec87854\" data-element_type=\"column\" data-e-type=\"column\">\n\t\t\t<div class=\"elementor-widget-wrap elementor-element-populated\">\n\t\t\t\t\t\t<div class=\"elementor-element elementor-element-6e5443c elementor-widget elementor-widget-image\" data-id=\"6e5443c\" data-element_type=\"widget\" data-e-type=\"widget\" data-widget_type=\"image.default\">\n\t\t\t\t<div class=\"elementor-widget-container\">\n\t\t\t\t\t\t\t\t\t\t\t\t\t\t\t<img fetchpriority=\"high\" decoding=\"async\" width=\"500\" height=\"666\" src=\"https:\/\/www.bremer-kantorei-stephani.de\/wp-content\/uploads\/timguenther2.jpg\" class=\"attachment-large size-large wp-image-2620\" alt=\"\" srcset=\"https:\/\/www.bremer-kantorei-stephani.de\/wp-content\/uploads\/timguenther2.jpg 500w, https:\/\/www.bremer-kantorei-stephani.de\/wp-content\/uploads\/timguenther2-225x300.jpg 225w\" sizes=\"(max-width: 500px) 100vw, 500px\" \/>\t\t\t\t\t\t\t\t\t\t\t\t\t\t\t<\/div>\n\t\t\t\t<\/div>\n\t\t\t\t<div class=\"elementor-element elementor-element-9a39323 elementor-widget elementor-widget-text-editor\" data-id=\"9a39323\" data-element_type=\"widget\" data-e-type=\"widget\" data-widget_type=\"text-editor.default\">\n\t\t\t\t<div class=\"elementor-widget-container\">\n\t\t\t\t\t\t\t\t\t<h3>Tim G\u00fcnther<\/h3>\n<p class=\"p1\"><span class=\"s1\">M\u00fasico l\u00edder de la iglesia en St. Stephani<br \/>\n<a href=\"https:\/\/www.bremer-kantorei-stephani.de\/wp-content\/uploads\/bkstst_vita_timguenther_190313.pdf\" target=\"_blank\" rel=\"noopener\"><span class=\"s2\">Vita detallada (PDF)<\/span><\/a><\/span><\/p>\n\t\t\t\t\t\t\t\t<\/div>\n\t\t\t\t<\/div>\n\t\t\t\t\t<\/div>\n\t\t<\/div>\n\t\t\t\t\t<\/div>\n\t\t<\/section>\n\t\t\t\t<section class=\"elementor-section elementor-top-section elementor-element elementor-element-6646e76 elementor-section-boxed elementor-section-height-default elementor-section-height-default\" data-id=\"6646e76\" data-element_type=\"section\" data-e-type=\"section\">\n\t\t\t\t\t\t<div class=\"elementor-container elementor-column-gap-default\">\n\t\t\t\t\t<div class=\"elementor-column elementor-col-100 elementor-top-column elementor-element elementor-element-c77ee1d\" data-id=\"c77ee1d\" data-element_type=\"column\" data-e-type=\"column\">\n\t\t\t<div class=\"elementor-widget-wrap elementor-element-populated\">\n\t\t\t\t\t\t<div class=\"elementor-element elementor-element-b107a22 elementor-widget elementor-widget-spacer\" data-id=\"b107a22\" data-element_type=\"widget\" data-e-type=\"widget\" data-widget_type=\"spacer.default\">\n\t\t\t\t<div class=\"elementor-widget-container\">\n\t\t\t\t\t\t\t<div class=\"elementor-spacer\">\n\t\t\t<div class=\"elementor-spacer-inner\"><\/div>\n\t\t<\/div>\n\t\t\t\t\t\t<\/div>\n\t\t\t\t<\/div>\n\t\t\t\t\t<\/div>\n\t\t<\/div>\n\t\t\t\t\t<\/div>\n\t\t<\/section>\n\t\t\t\t<\/div>\n\t\t","protected":false},"excerpt":{"rendered":"<p>Tim G\u00fcnther Estudi\u00f3 m\u00fasica de iglesia en Berl\u00edn y Bremen. Desde entonces, vive y trabaja en Bremen, donde es una de las personalidades de la cultura. La actividad de G\u00fcnther gira en torno al trabajo con el coro Bremer Kantorei St. Stephani, que dirige desde&#8230;<\/p>\n","protected":false},"author":2,"featured_media":0,"parent":0,"menu_order":0,"comment_status":"closed","ping_status":"closed","template":"","meta":{"footnotes":""},"class_list":["post-3453","page","type-page","status-publish","hentry"],"_links":{"self":[{"href":"https:\/\/www.bremer-kantorei-stephani.de\/es\/wp-json\/wp\/v2\/pages\/3453","targetHints":{"allow":["GET"]}}],"collection":[{"href":"https:\/\/www.bremer-kantorei-stephani.de\/es\/wp-json\/wp\/v2\/pages"}],"about":[{"href":"https:\/\/www.bremer-kantorei-stephani.de\/es\/wp-json\/wp\/v2\/types\/page"}],"author":[{"embeddable":true,"href":"https:\/\/www.bremer-kantorei-stephani.de\/es\/wp-json\/wp\/v2\/users\/2"}],"replies":[{"embeddable":true,"href":"https:\/\/www.bremer-kantorei-stephani.de\/es\/wp-json\/wp\/v2\/comments?post=3453"}],"version-history":[{"count":3,"href":"https:\/\/www.bremer-kantorei-stephani.de\/es\/wp-json\/wp\/v2\/pages\/3453\/revisions"}],"predecessor-version":[{"id":3684,"href":"https:\/\/www.bremer-kantorei-stephani.de\/es\/wp-json\/wp\/v2\/pages\/3453\/revisions\/3684"}],"wp:attachment":[{"href":"https:\/\/www.bremer-kantorei-stephani.de\/es\/wp-json\/wp\/v2\/media?parent=3453"}],"curies":[{"name":"wp","href":"https:\/\/api.w.org\/{rel}","templated":true}]}}

Dirección

<div data-elementor-type="wp-page" data-elementor-id="3453" class="elementor elementor-3453 elementor-3080" data-elementor-post-type="page">
						<section class="elementor-section elementor-top-section elementor-element elementor-element-8b03599 elementor-section-full_width elementor-section-stretched elementor-section-height-default elementor-section-height-default" data-id="8b03599" data-element_type="section" data-e-type="section" data-settings="{&quot;stretch_section&quot;:&quot;section-stretched&quot;}">
						<div class="elementor-container elementor-column-gap-no">
					<div class="elementor-column elementor-col-100 elementor-top-column elementor-element elementor-element-df26af8" data-id="df26af8" data-element_type="column" data-e-type="column">
			<div class="elementor-widget-wrap elementor-element-populated">
						<div class="elementor-element elementor-element-10fa708 elementor--h-position-center elementor--v-position-middle elementor-pagination-position-inside elementor-widget elementor-widget-slides" data-id="10fa708" data-element_type="widget" data-e-type="widget" data-settings="{&quot;autoplay_speed&quot;:8000,&quot;transition&quot;:&quot;fade&quot;,&quot;transition_speed&quot;:3000,&quot;navigation&quot;:&quot;dots&quot;,&quot;autoplay&quot;:&quot;yes&quot;,&quot;pause_on_hover&quot;:&quot;yes&quot;,&quot;pause_on_interaction&quot;:&quot;yes&quot;,&quot;infinite&quot;:&quot;yes&quot;}" data-widget_type="slides.default">
				<div class="elementor-widget-container">
									<div class="elementor-swiper">
					<div class="elementor-slides-wrapper elementor-main-swiper swiper" role="region" aria-roledescription="carousel" aria-label="Diapositivas" dir="ltr" data-animation="fadeInUp">
				<div class="swiper-wrapper elementor-slides">
										<div class="elementor-repeater-item-f7f212a swiper-slide" role="group" aria-roledescription="slide"><div class="swiper-slide-bg" role="img" aria-label="start-5"></div><div class="swiper-slide-inner" ><div class="swiper-slide-contents"></div></div></div><div class="elementor-repeater-item-06efb07 swiper-slide" role="group" aria-roledescription="slide"><div class="swiper-slide-bg" role="img" aria-label="menschen-3"></div><div class="swiper-slide-inner" ><div class="swiper-slide-contents"></div></div></div><div class="elementor-repeater-item-b6903b0 swiper-slide" role="group" aria-roledescription="slide"><div class="swiper-slide-bg" role="img" aria-label="musik-2"></div><div class="swiper-slide-inner" ><div class="swiper-slide-contents"></div></div></div><div class="elementor-repeater-item-f7105f6 swiper-slide" role="group" aria-roledescription="slide"><div class="swiper-slide-bg" role="img" aria-label="menschen-4"></div><div class="swiper-slide-inner" ><div class="swiper-slide-contents"></div></div></div><div class="elementor-repeater-item-c21716b swiper-slide" role="group" aria-roledescription="slide"><div class="swiper-slide-bg" role="img" aria-label="Bremer Kantorei St. Stephani"></div><div class="swiper-slide-inner" ><div class="swiper-slide-contents"></div></div></div><div class="elementor-repeater-item-8f74e11 swiper-slide" role="group" aria-roledescription="slide"><div class="swiper-slide-bg" role="img" aria-label="1"></div><div class="swiper-slide-inner" ><div class="swiper-slide-contents"></div></div></div>				</div>
																				<div class="swiper-pagination"></div>
												</div>
				</div>
								</div>
				</div>
					</div>
		</div>
					</div>
		</section>
				<section class="elementor-section elementor-top-section elementor-element elementor-element-44a9af6 elementor-section-full_width elementor-section-stretched elementor-section-height-default elementor-section-height-default" data-id="44a9af6" data-element_type="section" data-e-type="section" data-settings="{&quot;stretch_section&quot;:&quot;section-stretched&quot;}">
						<div class="elementor-container elementor-column-gap-no">
					<div class="elementor-column elementor-col-100 elementor-top-column elementor-element elementor-element-8da5412" data-id="8da5412" data-element_type="column" data-e-type="column">
			<div class="elementor-widget-wrap elementor-element-populated">
						<div class="elementor-element elementor-element-bb62eae elementor-widget elementor-widget-spacer" data-id="bb62eae" data-element_type="widget" data-e-type="widget" data-widget_type="spacer.default">
				<div class="elementor-widget-container">
							<div class="elementor-spacer">
			<div class="elementor-spacer-inner"></div>
		</div>
						</div>
				</div>
					</div>
		</div>
					</div>
		</section>
				<section class="elementor-section elementor-top-section elementor-element elementor-element-cecfe86 elementor-section-full_width elementor-section-height-default elementor-section-height-default" data-id="cecfe86" data-element_type="section" data-e-type="section">
						<div class="elementor-container elementor-column-gap-default">
					<div class="elementor-column elementor-col-50 elementor-top-column elementor-element elementor-element-3198477" data-id="3198477" data-element_type="column" data-e-type="column">
			<div class="elementor-widget-wrap elementor-element-populated">
						<div class="elementor-element elementor-element-2c6723a elementor-widget elementor-widget-heading" data-id="2c6723a" data-element_type="widget" data-e-type="widget" data-widget_type="heading.default">
				<div class="elementor-widget-container">
					<h1 class="elementor-heading-title elementor-size-default">Tim Günther</h1>				</div>
				</div>
				<div class="elementor-element elementor-element-61f7d4f elementor-widget elementor-widget-text-editor" data-id="61f7d4f" data-element_type="widget" data-e-type="widget" data-widget_type="text-editor.default">
				<div class="elementor-widget-container">
									<p>Estudió música de iglesia en Berlín y Bremen. Desde entonces, vive y trabaja en Bremen, donde es una de las personalidades de la cultura.</p>
<p>La actividad de Günther gira en torno al trabajo con el coro <a href="http://www.bremer-kantorei-stephani.de/menschen/chor">Bremer Kantorei St. Stephani</a>, que dirige desde 1996 sin parar de desarrollarlo hasta convertirlo en uno de los coros con más calidad de Bremen.</p>
<p>Desde 2007, Tim Günther es director de capilla y director musical de la <a href="http://www.kulturkirche-bremen.de/">Iglesia cultural</a> <a href="http://www.bremer-kantorei-stephani.de/orte/st-stephani">St. Stephani</a> Bremen. Asimismo es el principal artífice de su destacado programa musical. En sus conciertos ha acogido a grandes del jazz, compositores, artistas, solistas, bandas, grupos de pop y estrellas mundiales.</p>
<p>La música de Míkis Theodorákis ocupa un lugar destacado: Günther ha organizado varios conciertos con obras del compositor griego, entre los que destacan sobre todo las representaciones de los dos grandes oratorios <em>Axion esti</em> y <em>Canto General</em>. Sus acompañantes musicales fueron, entre otros, María Farantoúri y Petros Pandis.</p>
<p>Las series de conciertos destacan por los numerosos estrenos así como por los proyectos especiales en cuanto al contenido.</p>
<p>Con motivo de las Jornadas de la Iglesia evangélica alemana de 2009 en Bremen, Günther trabajó en varios puestos de dirección; entre otros, como responsable principal y director general musical de la misa inaugural central.</p>
<p>Tim Günther participa en el discurso artístico y políticocultural de la ciudad hanseática de Bremen desde diversos cargos.</p>
								</div>
				</div>
					</div>
		</div>
				<div class="elementor-column elementor-col-50 elementor-top-column elementor-element elementor-element-ec87854" data-id="ec87854" data-element_type="column" data-e-type="column">
			<div class="elementor-widget-wrap elementor-element-populated">
						<div class="elementor-element elementor-element-6e5443c elementor-widget elementor-widget-image" data-id="6e5443c" data-element_type="widget" data-e-type="widget" data-widget_type="image.default">
				<div class="elementor-widget-container">
															<img fetchpriority="high" decoding="async" width="500" height="666" src="https://www.bremer-kantorei-stephani.de/wp-content/uploads/timguenther2.jpg" class="attachment-large size-large wp-image-2620" alt="" srcset="https://www.bremer-kantorei-stephani.de/wp-content/uploads/timguenther2.jpg 500w, https://www.bremer-kantorei-stephani.de/wp-content/uploads/timguenther2-225x300.jpg 225w" sizes="(max-width: 500px) 100vw, 500px" />															</div>
				</div>
				<div class="elementor-element elementor-element-9a39323 elementor-widget elementor-widget-text-editor" data-id="9a39323" data-element_type="widget" data-e-type="widget" data-widget_type="text-editor.default">
				<div class="elementor-widget-container">
									<h3>Tim Günther</h3>
<p class="p1"><span class="s1">Músico líder de la iglesia en St. Stephani<br />
<a href="https://www.bremer-kantorei-stephani.de/wp-content/uploads/bkstst_vita_timguenther_190313.pdf" target="_blank" rel="noopener"><span class="s2">Vita detallada (PDF)</span></a></span></p>
								</div>
				</div>
					</div>
		</div>
					</div>
		</section>
				<section class="elementor-section elementor-top-section elementor-element elementor-element-6646e76 elementor-section-boxed elementor-section-height-default elementor-section-height-default" data-id="6646e76" data-element_type="section" data-e-type="section">
						<div class="elementor-container elementor-column-gap-default">
					<div class="elementor-column elementor-col-100 elementor-top-column elementor-element elementor-element-c77ee1d" data-id="c77ee1d" data-element_type="column" data-e-type="column">
			<div class="elementor-widget-wrap elementor-element-populated">
						<div class="elementor-element elementor-element-b107a22 elementor-widget elementor-widget-spacer" data-id="b107a22" data-element_type="widget" data-e-type="widget" data-widget_type="spacer.default">
				<div class="elementor-widget-container">
							<div class="elementor-spacer">
			<div class="elementor-spacer-inner"></div>
		</div>
						</div>
				</div>
					</div>
		</div>
					</div>
		</section>
				</div>

<p>Tim Günther Estudió música de iglesia en Berlín y Bremen. Desde entonces, vive y trabaja en Bremen, donde es una de las personalidades de la cultura. La actividad de Günther gira en torno al trabajo con el coro Bremer Kantorei St. Stephani, que dirige desde&#8230;</p>
